/110 + 108/90. Give x(q).
-4
Let g(j) be the second derivative of 37*j**6/120 + j**5/60 - j**4/24 - j**3/6 + 29*j**2/2 - 138*j. Let v(c) be the first derivative of g(c). Calculate v(-1).
-36
Let h(b) = b**3 + 17*b**2 + 29*b - 33. Let x(d) = -4*d**2 + 3*d + 282. Let l be x(9). Give h(l).
-18
Let t(k) be the first derivative of 5*k**2 + 90 + 7/3*k**3 - 1/4*k**4 - 5*k. What is t(8)?
11
Let w(i) = 31*i + 871. Let j be w(-28). Let h(n) = -6*n**2 + 4*n - 11. What is h(j)?
-53
Let f(m) = -22*m**3 + 7*m**2 + m - 6. Let i(d) = 10*d**3 - d**2 + d + 3. Let z(g) = f(g) + 2*i(g). Calculate z(4).
-36
Let h(g) = 6*g + 15. Let d be h(-2). Let a(t) = 2896*t**3 - 3*t + 4*t - 2888*t**d. Let s be -2 + (1 - 0)*3. Give a(s).
9
Let i(c) = c**2 + 2. Suppose 0 = -2*v + 5*p - 74, -5*p - 6 = v + 1. Let u = -17 - v. Suppose 2*n + u = 16. What is i(n)?
11
Let d(t) = 4*t**3 + t**2 - t + 6. Let g(y) be the third derivative of -y**6/120 - y**5/60 - y**3/6 - 15*y**2. Let z(h) = d(h) + 5*g(h). Determine z(-2).
-5
Let g = -27732 - -27735. Let p(a) be the first derivative of -1/3*a**3 + 5/2*a**2 + g*a + 36. Calculate p(5).
3
Let s(j) = -7*j**2 - 12*j + 8. Let m(y) = -6*y**2 - 12*y + 8. Let v(r) = -4*m(r) + 3*s(r). Let l(i) = i**2 + i. Let b(z) = 4*l(z) - v(z). Give b(6).
-4
Let m(i) = 27 - i + 13 - 112 - 4*i + 3*i. Calculate m(-26).
-20
Suppose 0 = 4*r - 2*g - 22, -2*r - 5*g + 18 = 1. Let f(c) = -4*c**2 + 3*c + 8. Let y(h) = -5*h**2 + 3*h + 8. Let j(v) = r*f(v) - 5*y(v). Determine j(-4).
12
Let y(p) = -7*p + 4. Let b(d) = d**2 + 8*d + 17. Let o = -105 + 99. Let m be b(o). Suppose 7*r + 2*x = 8*r + 3, -m*r + x = 15. Give y(r).
25
Suppose -2*q - 8 = 0, 5*r + 11*q = 7*q + 14. Let f(o) be the first derivative of -7*o + 5/3*o**3 + 4*o**2 - 1/4*o**4 + 3. Give f(r).
5
Let o(z) = z**2 + 4*z + 4. Let r = 238 + -144. Let j = r - 97. Calculate o(j).
1
Let o = 158 + -156. Let h(s) = 7 + o*s**3 + 5*s - s**3 + 0*s**3 + 6*s**2 - 14. Determine h(-5).
-7
Let p be ((-2)/6 - 1)/(2/(-3)). Suppose i = 5, 0 = 4*x - 5*i + 4*i - 3. Let a(l) = 2*l**p + x*l**2 - 2*l - 3*l**2 + 3. What is a(2)?
3
Suppose 4*l + 42 = 178. Let s(b) = 7 - 19*b + l*b - 16*b. What is s(6)?
1
Let q(x) be the third derivative of 13*x**5/30 - 7*x**4/2 + 5*x**3/3 - 4679*x**2. Calculate q(3).
-8
Let n(o) = -6*o - 7. Let d(w) = w**3 + 32*w**2 + 245*w - 29. Let g be d(-13). Determine n(g).
11
Let x(j) = 275*j + 1594. Let c be x(-6). Let o(t) = -4*t**2 - 226*t - 105. What is o(c)?
7
Suppose -2*g + h + 9 = 0, 5*g = 2*h + 2*h + 18. Let o(r) = r - 7 + 14 - g + 6*r**2. Let a be (-15)/25 - 2/5. Calculate o(a).
6
Let a be 5/(45/(-12)) - (-230)/(-3). Let u = a - -72. Let q(c) = c**3 + 7*c**2 + 8*c + 9. Give q(u).
-3
Suppose 3*o = 30*h - 11 + 26, 5*o = 5*h - 20. Let x(d) = -17*d - 1. Calculate x(h).
16
Let t be ((-22)/(-1))/2 + (0 - 0). Let c(v) = 8*v + 2 + t*v - 25*v + 7*v. Let d be ((-9)/(-1))/(-5 - 35/(-10)). Determine c(d).
-4
Let n(l) be the first derivative of -1/2*l**2 + 0*l + 17 - 7/2*l**4 + 1/3*l**3. What is n(1)?
-14
Let p = 2798 + -2809. Let o(x) = 3*x - 6. Determine o(p).
-39
Let w(h) be the third derivative of -19*h**4/24 - 121*h**3/3 - 316*h**2. Determine w(-13).
5
Let l(a) = 33*a + 91. Let y(r) = -300*r - 825. Let o(h) = 55*l(h) + 6*y(h). What is o(-4)?
-5
Let f(b) be the third derivative of -b**5/60 + b**4/8 - b**3/3 + 3*b**2. Suppose r + 5*r - 180 = 0. Suppose 25*l = 30*l - r. Give f(l).
-20
Let m(f) be the first derivative of -9*f**2/2 - 69*f - 252. Determine m(-8).
3
Let i(y) = 30 + 26 + 40 + y**2 + 17*y - 74. Let g be (3*4)/(2 + (-55)/20). Determine i(g).
6
Let j(x) = -26*x - 103. Suppose 74*y + 68*y = -111*y - 1265. Calculate j(y).
27
Let w(n) = n**3 - 4*n**2. Let i be (-5)/5 - (-3 - (-204 - 4)). Let x = i - -209. Give w(x).
-9
Suppose 4*v + 25 = 9*v. Suppose v*m = -174 + 144. Let h(z) = -z**3 - 6*z**2 - 3*z + 1. Determine h(m).
19
Let p be (-10 - (-15 + (-11 - -19)))/(-1). Let u(y) = 2*y + 1. Let v(m) = 3*m + 2. Let f(x) = 11*u(x) - 6*v(x). What is f(p)?
11
Let u(o) be the second derivative of 2 - 1/12*o**4 - 10*o - 1/2*o**3 + 11/2*o**2. Give u(-8).
-29
Let c be -10*(6/15)/(-1). Let m(b) = -b**2 + 3*b + 5. Let g be m(c). Let d(y) = 3332 - 7*y - 3332. Determine d(g).
-7
Let c be (8 - 13)/(-2 + (-14)/(-12)). Let z be (-23)/11 + c/66. Let j(i) = -i**3 - i**2 - i - 2. What is j(z)?
4
Let p(n) = n. Let v(u) = -u**2 + 17*u - 11. Let m be v(16). Let k(s) = 4*s + 14. Let l(d) = m*p(d) - k(d). Determine l(7).
-7
Let q(j) = j**3 - 51*j**2 - 104*j - 101. Let m be q(53). Let k(r) = 2*r - 20. Give k(m).
-10
Let t(v) = 6*v**2 - v**3 + 6*v**2 - 3*v**2 - 2*v**2 + 3. Let k(a) = -a**3 - 2*a**2 - a + 47. Let m be k(0). Suppose m = 7*c - 2. Give t(c).
3
Let c(o) = -10*o**2 + 2. Let q(f) = 122*f**2 - 24*f - 18. Let p(x) = 12*c(x) + q(x). Give p(12).
6
Let f(c) = 25*c - 3. Let h(y) = -47*y + 6. Let n(i) = -5*f(i) - 3*h(i). Let m(t) = -2*t. Let p(l) = -6*m(l) - n(l). Calculate p(-3).
15
Let o(w) = w**2 - 17*w + 35. Let c be o(15). Let z(k) = 170*k**2 - c*k**3 - 182*k**2 + 0 - 2 + 2*k**3 - 10*k + 2*k**3. What is z(-11)?
-13
Let t(x) = -9 - 5 + x**2 - 26 - 3*x - 3*x. Let b be t(10). Let w(z) = -z**3 + z**2 + z + 14. Give w(b).
14
Let w(h) = -3*h + 135. Let p be (-4 - 39) + 73 - (-4 - 1). What is w(p)?
30
Let z(c) = -2 + 19*c + 147*c**2 - 16*c - 144*c**2 + 13*c. Calculate z(-4).
-18
Let y = 174 - 171. Let m(d) = -1 - d - 3 - 15*d**2 + 18*d**2 - 3*d + 3. Calculate m(y).
14
Let q be ((192/(-480))/(2/(-5)))/((-1)/3). Let a(r) = -23*r + 11. Determine a(q).
80
Let c(h) = 14*h + 1. Let i be (13 + -11)/((-2)/(-6)). Suppose 114*a = 111*a - i. What is c(a)?
-27
Suppose a - 247*y + 243*y = -32, -4*a - 172 = -5*y. Let z(h) = -h**2 - 58*h - 481. Calculate z(a).
-1
Suppose -180 = -77*q - 13*q. Let b(i) = i**2 + 6*i - 11. What is b(q)?
5
Suppose 623*b + 1837 = -32. Let t(n) be the second derivative of n**4/4 - 2*n**3/3 - n**2 + 2*n. Determine t(b).
37
Suppose -14*n = -174 + 6. Let p be (84/49)/(n/(-42)). Let z(t) = 3*t + 4. Give z(p).
-14
Let j(a) be the first derivative of -3*a**2 - 22*a - 1334. What is j(5)?
-52
Let u(l) be the first derivative of l**4/4 + 10*l**3 - 152*l**2 + 5*l + 2723. Give u(8).
5
Let k(q) = -2*q**3 + 16*q - 2. Let i(c) = -c**2 - 6*c. Let p(j) = -3*i(j) - k(j). Suppose -4*n - 16 = 2*m, 0*n + 14 = n - 4*m. Give p(n).
-6
Let h(v) = 3*v**2 - 12*v + 11. Let f(z) = 4*z**3 + 570*z**2 - 285*z + 147. Let y be f(-143). What is h(y)?
11
Let h(b) = -b**2 + 5*b + 29. Suppose -87*z - 293*z = -107*z - 2457. Calculate h(z).
-7
Let m(v) = 6*v**3 + 137*v**2 - 71*v + 101. Let t(p) = 8*p**3 + 183*p**2 - 95*p + 136. Let u(g) = -11*m(g) + 8*t(g). Calculate u(-22).
-1
Let x(f) = f**2 - 36*f + 37. Let j be x(35). Let q(d) = j*d + 3 + 3 - 7. What is q(2)?
3
Let t(q) = 0*q**2 + 137 - 35*q + 81 + 38 - q**2 - q**2. Determine t(-23).
3
Let q(s) = -s**3 + s**2 - 2*s - 2. Let g = -285 + 315. Suppose 7 = -5*j - 2*n + g, 2*n - 2 = 2*j. Determine q(j).
-26
Let w be 5/(-5) - 3/(-1). Let c(k) = 2 + 30*k + 35*k + 2 - 73*k - 2. What is c(w)?
-14
Let h(y) = y**3 - 10*y**2 + 4*y + 2. Let t(w) = -259*w + 2078. Let g be t(8). What is h(g)?
-118
Let a(v) = v**2 - 3*v - 4. Let r be a(5). Let f(k) be the first derivative of 234 + 5*k - 2*k**3 - 1/2*k**2 + 1/4*k**4. Give f(r).
-1
Let s = -21142 - -21139. Let r(m) = -m**2 - m + 11. Let c(p) = -p**2 - p + 12. Let h(i) = 4*c(i) - 5*r(i). What is h(s)?
-1
Let g(r) = -47 + 14 + 0*r + 32 - r - 15*r. Suppose -o = -3*h, 0*o = -2*h + 5*o + 13. Give g(h).
15
Let j(p) = -p**2 + 32*p - 180. Let d be 370 + -352 - (-9 + (0 - 4/(-2))). What is j(d)?
-5
Suppose -2*p = -l + 21, p + 5*l + 10 + 28 = 0. Suppose -75*h + 66*h + 324 = 0. Let u(w) = h*w**2 + 18 - 117*w**2 + 14*w + 46*w**2 + 36*w**2. Calculate u(p).
5
Let t(i) = i**3 + 2*i**2 + 4*i + 3. Let k = -25847 + 25843. Calculate t(k).
-45
Suppose -18 = 3*d + 5*h, 0 = 4*d - 4*h + h + 53. Let p be ((-33)/(-121))/((-1)/d). Let s(a) = 11*a - 4. What is s(p)?
29
Let k(h) = -12*h - 57. Let t be k(-5). Suppose 0*y = t*g + 5*y - 29, 4*y - 22 = -2*g. Suppose 5*m + g*m = -40. Let j(n) = n**2 + 6*n - 4. Give j(m).
-9
Let w be (-4)/2 - -4*2. Let n(m) = 23*m**3 + 6*m**2 - 5*m + 60. Let q(h) = 3*h**3 - h + 9. Let i(g) = -n(g) + 8*q(g). What is i(w)?
-6
Let d(x) = x**3 - 5*x**2 + x - 1. Let c(m) = -3*m**2 - 1